r of 126 and 8716365?
63
What is the greatest common factor of 311159704 and 4947?
1649
Calculate the greatest common factor of 1841633 and 184.
23
What is the greatest common factor of 2 and 88109?
1
Calculate the highest common factor of 176798082 and 5784.
1446
What is the highest common factor of 6391 and 4274168?
83
What is the greatest common factor of 1724526 and 42018?
894
Calculate the highest common factor of 116431287 and 126.
21
Calculate the greatest common factor of 25750130 and 475.
95
What is the highest common factor of 581 and 738439463?
83
Calculate the greatest common factor of 61072805 and 25.
5
What is the highest common factor of 446 and 108850537?
223
What is the greatest common divisor of 16 and 7369352?
8
Calculate the highest common divisor of 38656 and 977272.
1208
What is the highest common factor of 241551640 and 22?
22
What is the greatest common factor of 22 and 29142905?
11
Calculate the greatest common factor of 21 and 174060859.
7
Calculate the highest common factor of 13719 and 299829.
51
Calculate the greatest common factor of 107872040 and 680.
40
Calculate the highest common divisor of 845572 and 875196.
644
What is the greatest common divisor of 57284950 and 1635?
545
What is the highest common divisor of 11784 and 278719096?
3928
Calculate the highest common factor of 101918720 and 3996.
148
What is the highest common factor of 20594 and 2818?
2
What is the highest common divisor of 24732 and 12204?
108
Calculate the highest common factor of 529986 and 130416.
114
What is the greatest common divisor of 36998206 and 11704?
266
Calculate the highest common factor of 9120254 and 104.
26
Calculate the highest common divisor of 78924178 and 1978.
1978
What is the highest common divisor of 1445 and 16079671?
289
What is the greatest common factor of 456 and 9019440?
24
Calculate the highest common factor of 3233 and 7991.
61
Calculate the highest common divisor of 46692 and 5392.
4
What is the highest common factor of 180916 and 208599?
31
What is the greatest common factor of 409 and 228347563?
409
What is the greatest common divisor of 53612 and 288611954?
2062
What is the greatest common divisor of 132688 and 175024?
16
What is the highest common factor of 124 and 33026594?
62
What is the greatest common factor of 7335472 and 111?
37
Calculate the greatest common factor of 17976 and 24584.
56
What is the highest common factor of 131 and 16008331?
131
Calculate the highest common divisor of 90882233 and 27196.
6799
What is the highest common factor of 11943 and 13131?
9
What is the highest common factor of 80 and 958340?
20
What is the greatest common factor of 767474 and 959?
137
What is the highest common divisor of 24493914 and 42?
6
Calculate the greatest common divisor of 12432 and 103992.
168
Calculate the greatest common factor of 9812235 and 45.
15
What is the greatest common divisor of 179 and 1046798981?
179
Calculate the highest common divisor of 49150819 and 226.
113
What is the highest common divisor of 190538 and 10246?
94
What is the greatest common divisor of 58 and 112702207?
29
Calculate the highest common factor of 16 and 191724888.
8
Calculate the highest common divisor of 8160 and 759740.
20
What is the highest common divisor of 8616449 and 370?
37
What is the greatest common factor of 22606704 and 117?
9
Calculate the highest common divisor of 7437 and 1031677993.
2479
Calculate the highest common divisor of 401977 and 16058.
31
Calculate the greatest common factor of 706871308 and 208.
52
What is the greatest common factor of 6213 and 22477?
19
Calculate the highest common factor of 7668 and 193262.
142
Calculate the greatest common factor of 21025 and 463.
1
Calculate the highest common factor of 1137877 and 26364.
169
What is the greatest common factor of 7432062 and 2262?
174
What is the greatest common divisor of 4844526 and 1521474?
6366
Calculate the highest common factor of 156 and 5679024.
156
What is the greatest common divisor of 2120681 and 8197?
1171
Calculate the greatest common divisor of 32438862 and 297.
9
What is the highest common factor of 4163859 and 21?
21
Calculate the greatest common divisor of 10525 and 2896025.
25
What is the highest common divisor of 36500 and 1036000?
500
What is the greatest common divisor of 110172 and 588?
12
Calculate the greatest common divisor of 859403 and 14137.
211
What is the highest common divisor of 10466 and 96428491?
5233
What is the greatest common divisor of 982401 and 32163649?
7987
Calculate the greatest common divisor of 31 and 33465337.
31
Calculate the greatest common factor of 40479 and 2406801.
309
Calculate the greatest common divisor of 5199192 and 648.
72
What is the highest common divisor of 94 and 6734818?
94
Calculate the highest common divisor of 126 and 23602320.
126
What is the greatest common divisor of 390427323 and 1794?
897
Calculate the highest common divisor of 1519204 and 16.
4
Calculate the highest common divisor of 152487 and 3708.
9
What is the greatest common factor of 15550930 and 114?
38
What is the highest common divisor of 64 and 24047552?
64
Calculate the highest common divisor of 1295 and 1578430.
35
Calculate the highest common divisor of 363 and 2414434.
121
What is the highest common factor of 2636403 and 297?
33
Calculate the greatest common factor of 2294684 and 42.
14
Calculate the highest common divisor of 2073354 and 510.
102
What is the highest common factor of 21662080 and 11765?
905
What is the highest common factor of 2205654 and 80454?
1518
What is the highest common factor of 11 and 2424949?
1
What is the greatest common divisor of 15011971 and 134844?
661
What is the highest common factor of 375 and 330969?
3
Calculate the greatest common factor of 2803393 and 57.
19
Calculate the highest common divisor of 968780 and 850556.
3284
Calculate the highest common divisor of 111879 and 234453.
93
What is the greatest common divisor of 200 and 174248700?
100
Calculate the highest common factor of 5 and 105772855.
5
What is the highest common factor of 451752 and 578676?
84
Calculate the highest common divisor of 32 and 25649552.
16
Calculate the greatest common divisor of 5745486812 and 26.
26
What is the highest common factor of 1830 and 25862010?
30
Calculate the highest common divisor of 111793 and 3949.
11
Calculate the highest common factor of 1160 and 2801110.
290
What is the greatest common divisor of 47 and 2422826124?
47
What is the greatest common divisor of 1385392 and 1328?
16
What is the greatest common divisor of 583450632 and 76?
76
Calculate the highest common divisor of 6810 and 1497746.
454
What is the greatest common divisor of 171 and 149805?
9
Calculate the highest common divisor of 513342818 and 194.
194
Calculate the highest common divisor of 202058830 and 30.
10
Calculate the highest common divisor of 23526297 and 3233.
61
What is the greatest common factor of 426050544 and 112?
16
Calculate the greatest common factor of 3460 and 428348.
692
Calculate the greatest common factor of 1147 and 940230.
31
Calculate the greatest common factor of 69971588 and 18786.
6262
What is the greatest common divisor of 3372770 and 120?
10
What is the greatest common divisor of 7752 and 267767?
323
What is the highest common factor of 1082808 and 9156240?
1944
Calculate the greatest common divisor of 786 and 262511686.
262
Calculate the highest common factor of 452058 and 34338.
354
What is the greatest common divisor of 207966 and 747912?
66
Calculate the highest common divisor of 54 and 1563777927.
27
What is the highest common factor of 245231703 and 9?
9
What is the greatest common divisor of 6945301 and 22?
11
What is the greatest common divisor of 16 and 19420208?
16
What is the greatest common divisor of 647426 and 31746?
962
Calculate the highest common factor of 1254331939 and 537.
179
What is the highest common factor of 2754 and 495882?
162
Calculate the highest common divisor of 427405305 and 1011.
1011
What is the highest common factor of 276 and 244295880?
276
What is the greatest common factor of 346725 and 23575?
575
Calculate the highest common factor of 180 and 3279020.
20
Calculate the greatest common factor of 20934613 and 196.
49
Calculate the greatest c